*2 + 7*r + 18. Let i be y(-10). Let c = i - 64. Suppose j = -2*j + c. What is the tens digit of j?
2
What is the thousands digit of (-166464)/12*(-2)/3?
9
Let i = 44 - 3. Let b = 51 - i. Suppose 3*z - 49 = -l + 58, 0 = -2*z + b. What is the units digit of l?
2
Let j(h) = -28 + 29 + 2*h + 25 + 2*h. What is the units digit of j(13)?
8
Let z = -24 - -30. Suppose -7*n + z*n = -74. Suppose 2*f - 5*t = -f + n, -2*f - 4*t + 64 = 0. What is the tens digit of f?
2
Suppose 4*o = -2*t + 166, -3*t + 0*t = -3*o + 147. Suppose -2*w = w - 5916. What is the units digit of -3 + 140/44 + w/o?
5
Suppose 2*t - 367 - 162 = 3*l, 0 = -3*t + 2*l + 806. Suppose 3*k + k + i = t, 4*k - 284 = -4*i. What is the tens digit of k?
6
Suppose -80922 = -4*m + 2*a, m + 20217 = 2*m - 5*a. What is the tens digit of m?
3
Suppose -5*p - 6*v = -2*v + 1, -26 = -2*p + 5*v. Suppose -98 = -3*b - 98. What is the tens digit of p + 1*(-2 - b)*-54?
1
Suppose -u - n - 4*n = -25, -4*u + 36 = 4*n. Let d be 90/(-12)*u*(-16)/(-6). Let f = -63 - d. What is the units digit of f?
7
Suppose 14*z - 5*z - 315 = 0. Let w = z + -43. What is the units digit of (-2)/(1 + -9) + (-966)/w?
1
Let i(o) = 71*o**3 - 4*o**2 - 80*o + 387. What is the units digit of i(5)?
2
Let b(z) = -5*z**2 - 7*z - 2. Let i be b(4). What is the tens digit of 4778/10 - 22/i?
7
Let z = -298 - -18074. What is the hundreds digit of z?
7
Let j = 623 + 504. Let d = j + -801. What is the hundreds digit of d?
3
Let v(j) = j**3 - 7*j**2 + 20*j - 52. Let h be v(5). What is the tens digit of h/(354/178 - 2)?
7
Let x(h) = -h**3 + 5*h**2 - 4*h - 12. Let o = 202 - 207. What is the hundreds digit of x(o)?
2
Suppose 50*d - 48034 = 36*d. What is the hundreds digit of d?
4
Let g be (-2)/4 - (-1313)/26. Suppose -4*h - h = -g. Suppose 0 = h*l - 11*l + 53. What is the tens digit of l?
5
Let z = 1903 + -544. Suppose 4*p - z = -5*s, -15*s + 1120 = -11*s - 5*p. What is the tens digit of s?
7
Suppose 0 = -16*a + 48 - 0. Suppose a = h, 4*f + 58 - 6781 = -h. What is the thousands digit of f?
1
Suppose 6*k = -7*k - 156. Let f = -1 - k. What is the units digit of f?
1
Let m = 45 - 29. Let w = -12 + m. Suppose 311 + 72 = 3*r - p, w*r - p - 512 = 0. What is the hundreds digit of r?
1
Suppose 0 = -97*z + 101*z - 1988. Suppose 54*l = 61*l - z. What is the tens digit of l?
7
What is the thousands digit of (-30849)/(-3)*1 - -30*5/(-30)?
0
Let s = 8707 - -2543. What is the thousands digit of s?
1
Let r(q) = 2*q**3 + 979. Let j be r(0). Let a = j + -333. What is the tens digit of a?
4
Let u(x) be the second derivative of -5*x**3/2 - 75*x**2/2 - 89*x - 2. What is the tens digit of u(-9)?
6
Let d = 878 + -476. Let b = 739 - d. What is the hundreds digit of b?
3
Let i be (24/(-32))/((-6)/56). Suppose -i*g + 10*g = 93. Suppose -g - 53 = -2*j. What is the units digit of j?
2
Suppose 4*u - 13379 = u - n, 0 = -2*u - 2*n + 8926. What is the units digit of u?
8
Suppose -5*b = 3*m - 18133, 14*b - 17*b + m = -10877. What is the thousands digit of b?
3
Let l be 4 - (0 - 2/(-1)). Suppose -4*n - l*n + 1260 = 0. What is the tens digit of n?
1
Let s(q) = 196*q**2 - 119*q + 657. What is the hundreds digit of s(6)?
9
Let s(k) = 118*k**2 - 44*k - 665. What is the units digit of s(-15)?
5
Suppose -2*w + r = -107037, w + 6*r = 18*r + 53507. What is the hundreds digit of w?
5
Suppose 34*g - 41*g = -140. Let n(y) = 21*y - 147. Let i(x) = 5*x - 37. Let j(p) = 9*i(p) - 2*n(p). What is the tens digit of j(g)?
2
Let h be -6 + 4 - 15/(-1)*2. Let x(a) = 11*a**2 - 16. Let y be x(-9). What is the hundreds digit of (-12)/(-3)*y/h?
1
What is the tens digit of 3*988/57*2/8*263?
1
Suppose 7*i - 566006 = 2*f, -4*i + 45*f = 42*f - 323432. What is the units digit of i?
8
Let i = -931 + 927. Suppose 25 = -2*g - 47. What is the tens digit of (34/i)/(6/g)?
5
Suppose 273 - 228 = -3*o. What is the hundreds digit of (o/(-12))/1*300?
3
Suppose -89 + 243 = 7*i. Suppose -79*x = -i*x - 71820. What is the hundreds digit of x?
2
Let a(z) be the second derivative of -z**4/12 - 5*z**3/6 + 13*z**2/2 - 15*z. Let f be a(-6). Suppose 2*y + 195 = f*y. What is the units digit of y?
9
Let g = -16 - 50. Let t be (-7 + 7)/4 + 119. Let v = t + g. What is the units digit of v?
3
Let j be (-5)/75 + 1803/45. Let v(m) = m**3 - 40*m**2 + m + 20. What is the units digit of v(j)?
0
Let n = 94 - 123. Let t = n - -29. Let w(q) = -q**2 + 3*q + 195. What is the tens digit of w(t)?
9
Suppose 15*o + 441797 = 7*q + 12*o, 0 = -4*q + 5*o + 252462. What is the units digit of q?
3
Let y = -3525 + 7729. What is the units digit of y?
4
Let x(z) be the first derivative of 5/3*z**3 + 4*z**2 - 4*z + 28. What is the units digit of x(-7)?
5
Let p = -7310 - -16441. What is the units digit of p?
1
Suppose -4*n - 168 = -0*n. Suppose -10*x - 352 = -6*x. Let c = n - x. What is the units digit of c?
6
Let c be ((-72)/42)/((-15)/70). Suppose -21*o = -c*o - 1716. What is the units digit of o?
2
Suppose -5*u + u = -4940. Let q be u/10 + (-1)/2. Suppose 0 = 12*d - 11*d - q. What is the hundreds digit of d?
1
Suppose 2*i + 0*i = 328. Let s be (2376/(-96))/((-2)/8). Let m = i - s. What is the tens digit of m?
6
Let p(w) = -5*w - 22. Let b be p(-3). What is the tens digit of 13/(26/80) - b?
4
Let x(d) = -d**3 - 7*d**2 - 10*d + 2. Let n be -3 + -5 + (2 - -1). Let c be x(n). Suppose c*t + 11 + 0 = z, -4*z + 2*t + 38 = 0. What is the units digit of z?
9
Suppose -3*g = -p + 9, 0 = 3*p + 5*g - 6 + 21. Suppose -5*b + 5 = p, -2*b + 3 - 7 = 2*y. What is the tens digit of 117 + 2 + (y - 0)?
1
Suppose 31891 - 121494 = -5*a + 2*n, -4*a - 2*n + 71704 = 0. What is the tens digit of a?
2
Suppose 3*j = -4*p + 188215, 218*p = 222*p + 8. What is the units digit of j?
1
Let p(h) = -52*h + 3*h - 4 + 18*h**2 + h**3 - 17 - 5*h**2 + 6*h**2. What is the units digit of p(-16)?
1
Let b(a) = a**3 - 29*a**2 - 37*a + 104. Let t be b(33). Suppose 1090 = 9*z - t. What is the units digit of z?
1
Let z be 3*(-2 + 3) - (-4 + 5). Suppose -d = -z*s + 2029, -2*s - d = -3*s + 1014. What is the hundreds digit of s?
0
What is the units digit of 1/5 + (-4)/20 + -12 + 9558?
6
Let j(u) = u**3 - u**2 + u + 4. Let n be j(0). Suppose 0 = -n*l + 5*o + 49, 2*l = -3*l - 4*o + 10. What is the units digit of (-524)/(-28) + l/21?
9
Let y(o) = -o**3 + 15*o**2 - 15*o + 14. Suppose -n - 52 = -4*j, 3*j - 2*n + 3*n = 32. Let p be j - ((-28)/16 - (-12)/16). What is the units digit of y(p)?
7
Let t(z) = 7*z**2 + 4*z - 6. Let l be t(2). Let i = l + -26. Suppose -3*f - 77 = -i*f. What is the tens digit of f?
7
Let l = -93 + 94. Let t be (1 + 674 - l) + 1. Suppose 4*v - 2*w - 213 - 349 = 0, 3*w = -5*v + t. What is the tens digit of v?
3
Let f(r) = -28*r**3 - 2*r**2 - 9*r - 7. Let p be f(-4). Suppose 0 = -3*b + 2*o + p, 0*o = -5*b - 4*o + 2989. What is the hundreds digit of b?
5
Let m(f) = 2*f**2 - 7*f - 48. Suppose 4*t + 18 = -2*c + 48, -5*c + 2*t = -87. Let p be m(c). Let z = p - 207. What is the hundreds digit of z?
2
Let l(o) = 3*o**2 - 8*o - 8. Suppose -9*t + 119 = -34. Let w be l(t). Let p = -508 + w. What is the tens digit of p?
1
Let x be (16 - 9)/(-2 + 3). Suppose -2*k = x*k - 729. What is the units digit of k?
1
Suppose 5*n = p - 1621 + 372, 4*n + 8 = 0. Let d = -360 + p. What is the hundreds digit of d?
8
Let y(a) = 7*a**2 - 6*a + 12. What is the units digit of y(17)?
3
Suppose -14*d = -25776 - 14348. What is the hundreds digit of d?
8
Let c = 19 + -14. Suppose 0 = -b - c*y + 36, -5*b - 3*y = -y - 203. Suppose -d = -j - 102, b = 2*d + 3*j - 158. What is the hundreds digit of d?
1
Suppose 0 = -11*c - 12*c + 47300 + 87020. What is the thousands digit of c?
5
Let g(w) be the first derivative of 80*w**3 + 8*w**2 - 4*w - 230. What is the tens digit of g(-2)?
2
Let p(w) = -w - 12. Let c be p(-24). Suppose 6*m = c*m - 3072. What is the tens digit of m?
1
Let m(v) = 133*v**2 + 627*v - 3. What is the units digit of m(-16)?
3
Let k = 182 + 666. What is the units digit of k?
8
Let k = 144 - 270. Let v = 199 + k. What is the units digit of v?
3
Suppose 256*q - 127*q - 24625 = 124*q. What is the hundreds digit of q?
9
Let q = -825 + 430. Let l = 436 + q. What is the tens digit of l?
4
Suppose 7954*o - 7962*o + 116880 = 0. What is the thousands digit of o?
4
Suppose -38*o + 40*o = -5*r + 67063, -5*o = 3*r - 167648. What is 